 of o(-7)?
0
Let y be (-3)/4 - 5772/16*-1. Suppose -122 = 4*x + 2*b - y, 5*b = 3*x - 159. What is the units digit of x?
8
Let x(u) = u + 16. Suppose 5*z + 72 = -3*l, -3*z + l - 2*l = 40. Let g be x(z). Suppose 4*j + g*v = 40, 0*v + 55 = 3*j - 2*v. What is the tens digit of j?
1
Suppose 7*o + 560 = 4424. What is the tens digit of o?
5
Suppose -2*v + 1830 = v. What is the units digit of v?
0
What is the hundreds digit of (-17)/(34/(-1512)) - (-15)/(-3)?
7
Suppose 4*q - j - j = -24, 2*j = 4. Let x(o) = -3*o + 1 + o - 2*o. What is the tens digit of x(q)?
2
Let o = -48 + 43. What is the units digit of (-91)/o + (-7)/35?
8
What is the hundreds digit of (1 + 0)*(443 + 11)?
4
Let t be (-13)/(-52) + ((-78)/(-8))/(-3). What is the tens digit of (-14)/3*18/t?
2
Suppose 0 = -10*y + 4*y + 18. Suppose -2*a + 6*a = -16, -5*a + 277 = y*h. What is the units digit of h?
9
Let l be (-5728)/(-20) - -2 - (-2)/(-5). Suppose -3*k + 2*q = -q - l, 4*q + 84 = k. What is the tens digit of k?
0
Suppose 0 = 2*t - 5*t + 30. Suppose 0 = -b + 5*r + 22 + t, 3*b - 96 = -4*r. What is the tens digit of b?
3
Let h(k) = 3*k + 30. Let d(n) = -2*n - 15. Let l(p) = -p**2 - 4. Let x be l(0). Let m(v) = x*h(v) - 7*d(v). What is the units digit of m(12)?
9
Let z be 10/6 - (-7)/21. Let d(u) = -7*u**2 + 4 + z*u - 5 + 5*u**2 + 3*u**2. What is the units digit of d(-10)?
9
Let j(w) be the second derivative of -w**4/6 - w**3/2 + 3*w**2/2 + 3*w. Let s be j(-6). Let y = s + 73. What is the units digit of y?
2
Let t = -67 + 94. Let f = t - 25. Suppose f*s - 13 = -5. What is the units digit of s?
4
Let y = -35 - -58. Let j(k) = 3*k - 4. What is the units digit of j(y)?
5
Suppose -4*h - 21 = -11*h. Suppose -h*l + 2*y + 215 = 33, -4*y = l - 42. What is the tens digit of l?
5
Suppose -4*d + 92 = -4*y, 67 = d + 2*d - 5*y. Suppose i = 7*i - d. Suppose 0 = i*f - 0*f - 120. What is the units digit of f?
0
Suppose 3*o - 23 = 2*u - 10, -4*o - 6 = 2*u. Let g be 276/72 + o/6. Suppose 5*x + 2*j = 38, -4*x + 5*j = -0*x - g. What is the units digit of x?
6
Suppose -950 = -3*b + 5*l + 1194, 3*b - 2184 = -3*l. What is the units digit of b?
3
Let m = -35 + 38. Let u = 6 - m. Suppose 0 = u*w + 4*n - 2 - 3, -14 = -5*w - n. What is the units digit of w?
3
Suppose 5*u - 29911 = -3*j, -4*u + 25375 = -j + 1453. What is the hundreds digit of u?
9
Let q(b) = 82*b**3 + 2*b**2 - 3*b + 1. Let n(z) = 3*z - 26. Let r be n(9). What is the tens digit of q(r)?
8
Suppose 10*m - z = 17*m - 15115, 3*z - 8642 = -4*m. What is the tens digit of m?
5
Suppose 4 = -g, g - 84 = t + 3*t. Let q = -6 - t. What is the tens digit of q?
1
Let t(w) = -50*w**3 - 3*w**2 + 7*w + 10. What is the thousands digit of t(-3)?
1
What is the thousands digit of (-2*10)/(44/(-3454))?
1
Suppose 2*h + 6*h = -h. Suppose -5 = 2*q + 57. What is the tens digit of 2 - (-1 + h + q)?
3
Let f(y) = -10*y**2 + 3*y + 2. Let v be f(-1). Let w(i) = i**3 + 11*i**2 - 14*i - 6. What is the hundreds digit of w(v)?
1
Let c(d) = -35*d - 69. What is the units digit of c(-12)?
1
Let n(l) be the second derivative of -l**3/6 - 7*l**2/2 - 5*l. Let d be n(-9). Let y = 4 - d. What is the units digit of y?
2
Let z(x) = -x**3 - 8*x**2 - 10*x - 13. Let w be z(-8). Let n = 93 - w. What is the tens digit of n?
2
Let v(k) = 301 + 0*k - 311 + 33*k**2 - 2*k + 0*k. What is the tens digit of v(-3)?
9
Let c be (-3 + 2)*6/2. What is the units digit of -3*76/(-4) + c?
4
Let z be (-16)/3*(-18)/12. Let f = 8 - z. Suppose -14 = -f*a - a. What is the units digit of a?
4
Let o(z) = -60*z + 834. What is the hundreds digit of o(-37)?
0
Let q(g) = -9*g**2 + g + 1. Let r be q(3). Suppose 0 = 3*x + 112 + 23. Let i = x - r. What is the tens digit of i?
3
Suppose -6*j - 148 = -160. Suppose 0 = -3*s - 2*s + 20. Suppose 0 = s*m + 2*w + j*w - 92, 3*m - 5*w - 45 = 0. What is the tens digit of m?
2
Let p(q) = -3*q - 26. Let f be p(-11). Let x = f - -89. What is the tens digit of x?
9
Let l be ((-78)/5)/((-7)/35) - 1. What is the hundreds digit of 7/(l/2686) + (-8)/44?
2
What is the units digit of ((1 - 8) + -644)/(-1 - 0)?
1
Let z(r) = -3*r**3 - 10*r**2 - 12*r + 14. What is the hundreds digit of z(-6)?
3
Let m = 7 - 6. Let v(w) = 33*w**3 - 2*w**2 + 1. Let o be v(m). Suppose -3*s = -o - 34. What is the units digit of s?
2
Suppose 3*q - 3708 = -2*a, 11*q - 16*q = 5*a - 6185. What is the thousands digit of q?
1
Let j(f) = 9*f + 26. Let q be j(4). Suppose 5*z + q = w, 0 = 5*w - 7*w + 5*z + 134. What is the tens digit of w?
7
Let n = 1534 - 251. What is the hundreds digit of n?
2
Let m = -139 - -1449. What is the tens digit of m?
1
Let p(v) = -11*v + 24. Let s be p(-8). Let l = 161 + s. What is the units digit of l?
3
Suppose -2*m + 2*j = 2*m - 1504, -m + 358 = 4*j. What is the tens digit of m?
7
Let a(u) = -u**3 - 2*u**2 - 2*u. Let i be a(-2). Suppose -p = i*d + 4*p - 129, 0 = 3*d - 3*p - 90. Let z = 57 - d. What is the tens digit of z?
2
Let l(q) = 3*q - 21. Let f be l(19). Suppose 2*h - f - 186 = 0. What is the units digit of h?
1
Let s be 11*(4 - 12/4). Let d = 12 - s. Suppose 4*i - 80 = 4*r, 0 = 2*i - r - 40 + d. What is the units digit of i?
9
Let d = -1269 - -2421. What is the hundreds digit of d?
1
Let l = 1 - -4. Let c(p) = p**3 - 5*p**2 + 5*p - 4. Let f be c(l). Suppose 4*n - 105 = -f. What is the units digit of n?
1
Suppose -9 = -11*l + 8*l, -j + 4*l = -6072. What is the tens digit of j?
8
Suppose 3*s - 2754 = 3*c, -5*s - 3*c = -6*s + 912. Let h = s - 634. What is the hundreds digit of h?
2
Suppose 0 = -6*p - 19 + 61. Let i(v) = 2*v**2 - 6*v + 6. What is the units digit of i(p)?
2
Let r = 140 + 44. What is the hundreds digit of r?
1
Let r be (-2 - -1*9/6)*-2. Suppose 5*c + x = 17, -2*c + 5*x = r - 24. What is the units digit of c?
4
Let p(u) = -6*u**3 + 2*u**2 - 2*u + 30. What is the hundreds digit of p(-7)?
2
Let l(a) = 2*a - 2. Let o(p) = -5. Let k(q) = -2*q - 78. Let f(z) = 5*k(z) - 80*o(z). Let x(r) = -3*f(r) - 14*l(r). What is the units digit of x(3)?
4
Suppose 4*v - f - 2934 = -520, -2*f + 1212 = 2*v. What is the hundreds digit of v?
6
Suppose 3*d - 25 = -v, d - 6*d - 5*v = -35. Let r = d + -21. What is the tens digit of 3/(-9) - 244/r?
2
Let c = 280 - 139. Suppose -2*v + 3*b - 75 = -10, 4*v + c = -5*b. Let a = 27 - v. What is the units digit of a?
1
Let v = 97 + -98. What is the hundreds digit of (2 + (-182)/21)/(v/24)?
1
Let u(f) = 25*f + 6. Let q(l) = -25*l - 7. Let r(x) = -4*q(x) - 5*u(x). Let b be r(-3). Let y = b - 44. What is the units digit of y?
9
Let j be -4 + 73/(-3) + 1/3. Let i = j + 214. What is the tens digit of i?
8
Suppose 0 = -6*f + 4*f + 2*g + 2192, 4*f + 4*g - 4416 = 0. What is the hundreds digit of f?
1
Let o = -146 - -257. Let k = 183 - o. What is the tens digit of k?
7
Let y(d) = -2*d**3 + 2*d**2 + 2*d + 1. Suppose -3*z - s + 14 = 0, -4*z + 4*s - 5*s + 17 = 0. Let k be y(z). Let h = k + 50. What is the tens digit of h?
2
Let r = -5 - 3. Let b = r - -12. Let q = b - -6. What is the units digit of q?
0
Let t = 32 + -28. Suppose 130 = t*d - 330. What is the units digit of d?
5
Let f = -5 + 10. Suppose 3*z - f = -2*u + 4*z, -u - 5*z - 25 = 0. Suppose 2*c - 7*c + 190 = u. What is the units digit of c?
8
Let x = 20 + -15. Let u be (27/45)/(1/x). Suppose u*r + 1 = 4*r. What is the units digit of r?
1
Let v(w) = 86*w + 445. What is the units digit of v(9)?
9
Let x(s) = -5*s**2 + 31*s - 18. Let o(c) = -4*c**2 + 31*c - 17. Let u(p) = -6*o(p) + 5*x(p). What is the tens digit of u(-24)?
8
Let r be 3/(-2)*(-728)/42. Suppose 5*i - 276 + r = 0. What is the tens digit of i?
5
Let g = 28 - 28. Let v(w) = -8*w**3 - w**2. Let i be v(1). Let c = g - i. What is the units digit of c?
9
Let b be (4 + -2 + 1)/1. Suppose 14 + 160 = b*g. What is the tens digit of g?
5
Suppose -8 = 6*x - x + q, x = -5*q + 8. What is the units digit of (x - 44)*1/(-2)?
3
Let p(l) = l**3 - 8*l**2 + 4*l + 18. Let c be p(7). What is the tens digit of (-1688)/(-40) - c/(-15)?
4
Let m be (-9)/(-2)*8/3. Suppose 6 = 2*i + q, -2*q = q + m. Suppose -i - 55 = -5*g. What is the units digit of g?
2
Let j = 188 + 1218. What is the tens digit of j?
0
Let o = 622 - 440. What is the hundreds digit of o?
1
Let c(u) = -14*u + 7. Let x(i) = i**3 + 14*i**2 + i + 20. Let y be x(-14). Let d be ((-5)/((-10)/y))/(-1). What is the tens digit of